the prime factors of 1091608.
2, 7, 101, 193
List the prime factors of 1439786.
2, 719893
List the prime factors of 5794898.
2, 2897449
List the prime factors of 215652.
2, 3, 17971
What are the prime factors of 1900560?
2, 3, 5, 7919
List the prime factors of 40336946.
2, 13, 71, 21851
List the prime factors of 1374662.
2, 687331
List the prime factors of 310819.
310819
List the prime factors of 172143.
3, 31, 617
List the prime factors of 2004207.
3, 668069
What are the prime factors of 719693?
13, 23, 29, 83
List the prime factors of 422123.
13, 19, 1709
What are the prime factors of 271509?
3, 7, 1847
List the prime factors of 516485.
5, 53, 1949
What are the prime factors of 413576?
2, 17, 3041
What are the prime factors of 13030202?
2, 193, 33757
What are the prime factors of 21609690?
2, 3, 5, 53, 13591
What are the prime factors of 24797454?
2, 3, 11, 241, 1559
List the prime factors of 3043318.
2, 29, 137, 383
What are the prime factors of 27543513?
3, 41, 61, 3671
List the prime factors of 154815.
3, 5, 10321
List the prime factors of 375370.
2, 5, 37537
List the prime factors of 359758.
2, 7, 3671
What are the prime factors of 1103207?
7, 359, 439
List the prime factors of 295704.
2, 3, 37
List the prime factors of 377865.
3, 5, 311
What are the prime factors of 375929?
41, 53, 173
List the prime factors of 41357974.
2, 7, 17, 173773
What are the prime factors of 5455011?
3, 17, 106961
What are the prime factors of 266983?
266983
What are the prime factors of 309815?
5, 11, 43, 131
List the prime factors of 4334847.
3, 11, 17, 7727
What are the prime factors of 1762305?
3, 5, 17, 6911
What are the prime factors of 11865941?
11865941
What are the prime factors of 31645?
5, 6329
What are the prime factors of 128173?
128173
List the prime factors of 894764.
2, 13, 17207
List the prime factors of 12019.
7, 17, 101
List the prime factors of 1491035.
5, 7, 13, 29, 113
What are the prime factors of 267976?
2, 19, 41, 43
What are the prime factors of 372791?
101, 3691
List the prime factors of 4725529.
37, 127717
What are the prime factors of 59889?
3, 19963
What are the prime factors of 2155863?
3, 718621
List the prime factors of 1221571.
13, 93967
What are the prime factors of 703455?
3, 5, 23, 2039
What are the prime factors of 10379668?
2, 13, 31, 47, 137
What are the prime factors of 7603637?
137, 55501
What are the prime factors of 220930?
2, 5, 22093
List the prime factors of 302648.
2, 37831
List the prime factors of 401055.
3, 5, 26737
What are the prime factors of 5726814?
2, 3, 954469
List the prime factors of 7777924.
2, 7, 11, 25253
What are the prime factors of 3355047?
3, 313, 397
List the prime factors of 24925524.
2, 3, 13, 159779
What are the prime factors of 666192?
2, 3, 13879
List the prime factors of 251560.
2, 5, 19, 331
List the prime factors of 2126754.
2, 3, 7, 16879
What are the prime factors of 24135?
3, 5, 1609
What are the prime factors of 334584?
2, 3, 1549
What are the prime factors of 1851531?
3, 11, 19, 2953
What are the prime factors of 17473089?
3, 5824363
List the prime factors of 488505.
3, 5, 29, 1123
List the prime factors of 366566.
2, 183283
What are the prime factors of 454117?
233, 1949
List the prime factors of 7818097.
7, 159553
What are the prime factors of 169480?
2, 5, 19, 223
List the prime factors of 1003378.
2, 367, 1367
What are the prime factors of 810201?
3, 7, 41, 941
What are the prime factors of 11646?
2, 3, 647
List the prime factors of 2995848.
2, 3, 41609
List the prime factors of 1809509.
13, 109, 1277
What are the prime factors of 7135063?
13, 548851
List the prime factors of 487630.
2, 5, 11, 13, 31
What are the prime factors of 156777?
3, 52259
What are the prime factors of 1256771?
31, 71, 571
List the prime factors of 384778.
2, 17, 11317
What are the prime factors of 11559326?
2, 5779663
What are the prime factors of 2146434?
2, 3, 357739
What are the prime factors of 3591228?
2, 3, 19, 829
List the prime factors of 640195.
5, 61, 2099
What are the prime factors of 93410?
2, 5, 9341
What are the prime factors of 158237?
79, 2003
List the prime factors of 1170900.
2, 3, 5, 1301
List the prime factors of 2152226.
2, 1076113
List the prime factors of 1824631.
53, 173, 199
List the prime factors of 1379791.
7, 29, 971
List the prime factors of 11991609.
3, 7, 131, 1453
List the prime factors of 550860.
2, 3, 5, 9181
What are the prime factors of 125884?
2, 11, 2861
What are the prime factors of 1152755?
5, 230551
What are the prime factors of 100623?
3, 17, 1973
List the prime factors of 20970322.
2, 31, 338231
List the prime factors of 479977.
89, 5393
What are the prime factors of 5582409?
3, 7, 17, 19, 823
What are the prime factors of 5503679?
53, 103843
List the prime factors of 2385981.
3, 13, 20393
What are the prime factors of 431915?
5, 11, 7853
What are the prime factors of 6122762?
2, 3061381
What are the prime factors of 35678?
2, 17839
List the prime factors of 18794167.
7, 2684881
What are the prime factors of 67039?
7, 61, 157
What are the prime factors of 1068455?
5, 97, 2203
List the prime factors of 902998.
2, 451499
List the prime factors of 1279368.
2, 3, 5923
What are the prime factors of 367879?
367879
What are the prime factors of 3375801?
3, 11, 13, 43, 61
List the prime factors of 4487615.
5, 11, 139, 587
List the prime factors of 5192808.
2, 3, 61, 3547
What are the prime factors of 229167?
3, 25463
What are the prime factors of 877905?
3, 5, 7, 929
List the prime factors of 245677.
151, 1627
List the prime factors of 14153432.
2, 109, 16231
List the prime factors of 1191926.
2, 595963
List the prime factors of 6707556.
2, 3, 173, 359
What are the prime factors of 8796833?
23, 97, 3943
What are the prime factors of 1681038?
2, 3, 61, 1531
What are the prime factors of 618011?
37, 16703
What are the prime factors of 501363?
3, 31, 599
List the prime factors of 544211.
389, 1399
List the prime factors of 24428385.
3, 5, 60317
What are the prime factors of 53629?
53629
What are the prime factors of 394126?
2, 197063
List the prime factors of 202399.
31, 6529
List the prime factors of 99145.
5, 79, 251
List the prime factors of 6455856.
2, 3, 11, 12227
List the prime factors of 9994381.
2273, 4397
List the prime factors of 274452.
2, 3, 22871
What are the prime factors of 1271004?
2, 3, 7, 15131
What are the prime factors of 311867?
311867
What are the prime factors of 932474?
2, 37, 12601
List the prime factors of 89515.
5, 17903
List the prime factors of 1840565.
5, 37, 9949
List the prime factors of 198059.
31, 6389
What are the prime factors of 261167?
261167
What are the prime factors of 52022?
2, 19, 37
What are the prime factors of 129150?
2, 3, 5, 7, 41
What are the prime factors of 5755094?
2, 2877547
What are the prime factors of 148239?
3, 7, 13, 181
List the prime factors of 92403.
3, 10267
What are the prime factors of 291191?
291191
List the prime factors of 12308544.
2, 3, 17, 419
What are the prime factors of 68394?
2, 3, 11399
What are the prime factors of 246463?
7, 137, 257
What are the prime factors of 77012?
2, 13, 1481
List the prime factors of 144757.
144757
List the prime factors of 184072.
2, 7, 19, 173
What are the prime factors of 45127?
45127
List the prime factors of 2867006.
2, 1433503
List the prime factors of 16930987.
2551, 6637
List the prime factors of 10798382.
2, 7, 29, 26597
List the prime factors of 14292567.
3, 1588063
What are the prime factors of 6382603?
179, 181, 197
What are the prime factors of 170571?
3, 56857
What are the prime factors of 11493934?
2, 719, 7993
List the prime factors of 740042.
2, 370021
List the prime factors of 893125.
5, 1429
List the prime factors of 475065.
3, 5, 17, 23
What are the prime factors of 14548?
2, 3637
List the prime factors of 206545.
5, 101, 409
What are the prime factors of 8786210?
2, 5, 878621
What are the prime factors of 133538?
2, 23, 2903
What are the prime factors of 894315?
3, 5, 59621
What are the prime factors of 2050768?
2, 128173
What are the prime factors of 8283373?
7, 19, 61, 1021
List the prime factors of 177648.
2, 3, 3701
What are the prime factors of 154991?
154991
What are the prime factors of 1504891?
17, 88523
List the prime factors of 212214.
2